ommon factor of 462292 and 564.
188
Calculate the highest common factor of 6264 and 49464.
216
Calculate the highest common divisor of 65 and 745069.
13
What is the highest common factor of 2 and 22033?
1
What is the highest common factor of 108 and 364068?
108
What is the greatest common divisor of 6498 and 96786?
342
What is the highest common factor of 5010148 and 1430?
286
What is the highest common divisor of 3626 and 54194?
98
Calculate the greatest common factor of 237729 and 1417.
109
What is the highest common factor of 96632 and 771?
257
What is the greatest common factor of 2904 and 2031832?
968
What is the highest common factor of 150010 and 1120?
70
What is the greatest common factor of 330 and 7150440?
330
What is the highest common factor of 739382 and 28?
14
Calculate the highest common factor of 58221 and 21.
3
What is the greatest common factor of 10 and 17260?
10
Calculate the greatest common factor of 671 and 154.
11
Calculate the highest common divisor of 5649 and 63.
21
What is the highest common divisor of 22 and 71819?
11
Calculate the greatest common factor of 4 and 438068.
4
What is the greatest common divisor of 619137 and 54?
27
What is the highest common divisor of 210 and 32390?
10
Calculate the highest common divisor of 78 and 6522.
6
What is the highest common divisor of 868 and 76972?
28
Calculate the greatest common factor of 2303 and 470.
47
Calculate the greatest common factor of 14256 and 113724.
324
Calculate the highest common divisor of 153 and 517701.
51
Calculate the highest common factor of 106316 and 56.
28
Calculate the greatest common factor of 88056 and 12.
12
Calculate the highest common divisor of 2014 and 6308.
38
What is the highest common divisor of 179144 and 392?
392
What is the greatest common divisor of 2720 and 3809360?
1360
Calculate the greatest common factor of 2566 and 16.
2
Calculate the highest common divisor of 608 and 3629.
19
Calculate the highest common divisor of 195 and 157995.
15
What is the highest common divisor of 2093 and 5520?
23
Calculate the greatest common factor of 17628 and 12116.
52
What is the highest common divisor of 63 and 1137?
3
Calculate the highest common divisor of 1217 and 935873.
1217
Calculate the greatest common factor of 22840 and 9707.
571
Calculate the greatest common factor of 7396 and 8600.
172
Calculate the highest common divisor of 8 and 318568.
8
What is the greatest common divisor of 2599 and 1356?
113
Calculate the greatest common divisor of 555 and 152403.
111
Calculate the greatest common divisor of 100 and 18632.
4
What is the highest common factor of 74 and 268139?
37
Calculate the greatest common divisor of 7 and 902713.
7
What is the highest common divisor of 342507 and 2889?
321
What is the highest common divisor of 243 and 74664?
9
Calculate the highest common factor of 295 and 28733.
59
Calculate the highest common factor of 12534 and 90.
6
Calculate the highest common divisor of 184 and 104604.
92
What is the highest common divisor of 363287 and 1678?
839
What is the greatest common divisor of 2781 and 6993?
27
What is the greatest common factor of 8099 and 8989?
89
What is the highest common divisor of 9790 and 1188506?
1958
What is the greatest common divisor of 11 and 13968559?
11
What is the greatest common divisor of 304 and 6527336?
152
Calculate the greatest common divisor of 384 and 96512.
128
Calculate the greatest common factor of 4407 and 78.
39
What is the greatest common factor of 16 and 179024?
16
What is the greatest common divisor of 68700 and 6183?
687
What is the greatest common divisor of 2190 and 2910?
30
Calculate the greatest common factor of 3102 and 11484.
66
What is the highest common divisor of 392 and 44984?
8
Calculate the highest common divisor of 35808 and 120.
24
Calculate the greatest common factor of 275222 and 1205.
241
Calculate the greatest common factor of 2748 and 3389658.
1374
Calculate the highest common divisor of 17 and 105037.
1
Calculate the greatest common divisor of 254 and 131.
1
What is the greatest common divisor of 145300 and 50?
50
Calculate the highest common divisor of 21756 and 1332.
444
Calculate the highest common factor of 14135 and 297.
11
Calculate the greatest common factor of 414 and 22563.
207
Calculate the greatest common divisor of 928631 and 1.
1
What is the highest common factor of 26 and 191633?
13
What is the greatest common factor of 73 and 5545591?
73
What is the highest common divisor of 5928 and 5811?
39
Calculate the highest common factor of 700 and 1036.
28
Calculate the greatest common factor of 1062 and 1779912.
1062
What is the greatest common divisor of 28 and 230650?
14
Calculate the greatest common divisor of 26908 and 315952.
868
What is the greatest common divisor of 179 and 129775?
179
What is the greatest common divisor of 168 and 1238979?
21
Calculate the highest common divisor of 2153399 and 141.
47
What is the highest common factor of 95172 and 57288?
924
Calculate the highest common divisor of 2660 and 22400.
140
Calculate the greatest common factor of 23659 and 177.
59
What is the greatest common factor of 65 and 1339?
13
What is the greatest common factor of 2734 and 20?
2
Calculate the greatest common divisor of 381794 and 63.
7
Calculate the highest common factor of 26800 and 871.
67
What is the greatest common factor of 12 and 923556?
12
What is the highest common factor of 49 and 903511?
49
Calculate the greatest common divisor of 21762 and 104.
26
Calculate the highest common divisor of 250 and 4362250.
250
What is the highest common factor of 548 and 71377?
137
What is the highest common divisor of 78 and 177554?
26
Calculate the highest common factor of 321 and 496908.
321
Calculate the greatest common divisor of 21389 and 219.
73
What is the greatest common factor of 104 and 6201?
13
Calculate the greatest common factor of 233 and 2103757.
233
What is the highest common divisor of 6137 and 8075?
323
What is the greatest common factor of 92 and 104926?
46
Calculate the highest common divisor of 821656 and 11.
11
What is the highest common factor of 21421 and 4837?
691
Calculate the highest common divisor of 486300 and 50.
50
What is the greatest common divisor of 466764 and 2619?
291
Calculate the greatest common factor of 12830 and 20.
10
What is the greatest common factor of 24910 and 106?
106
What is the highest common factor of 440 and 2420?
220
What is the greatest common divisor of 11 and 1348?
1
What is the highest common divisor of 1300 and 416?
52
What is the greatest common divisor of 17238 and 604682?
338
Calculate the highest common divisor of 538 and 160055.
269
Calculate the highest common divisor of 3010 and 11177635.
1505
What is the greatest common factor of 174778 and 62?
62
Calculate the highest common divisor of 37818 and 1782.
198
What is the highest common divisor of 119113 and 766?
383
What is the highest common factor of 16 and 1059056?
16
What is the greatest common divisor of 171387 and 139?
139
What is the greatest common factor of 6228 and 3492?
36
What is the greatest common factor of 220 and 737?
11
Calculate the highest common factor of 12 and 5616.
12
Calculate the highest common divisor of 50279 and 3014.
137
Calculate the greatest common divisor of 18 and 39216.
6
What is the greatest common divisor of 1050 and 100394?
14
Calculate the highest common divisor of 37928 and 9.
1
Calculate the highest common factor of 29998 and 1132.
566
Calculate the highest common divisor of 1854 and 4482.
18
Calculate the highest common divisor of 10 and 99478.
2
Calculate the greatest common factor of 3363 and 228.
57
Calculate the highest common divisor of 2 and 1480106.
2
What is the greatest common divisor of 740 and 38184?
148
Calculate the highest common factor of 9372 and 301608.
852
Calculate the greatest common factor of 387 and 7267.
43
What is the highest common divisor of 50584 and 64?
8
Calculate the greatest common divisor of 2125 and 901.
17
Calculate the greatest common divisor of 1472 and 1126816.
736
Calculate the highest common divisor of 4293 and 648.
81
Calculate the greatest common factor of 11 and 376739.
11
Calculate the highest common divisor of 528 and 25232.
16
What is the greatest common 